 divide 11476788?
False
Is 35 a factor of 104680835?
True
Is 406 a factor of 44265368?
True
Is 109 a factor of 777850814?
True
Is 100252856 a multiple of 1900?
False
Is 151790368 a multiple of 932?
False
Is 23 a factor of 12747543?
True
Does 16 divide 29237989?
False
Is 66881507 a multiple of 274?
False
Is 1256686 a multiple of 11?
False
Does 431 divide 495412039?
False
Is 1980 a factor of 14150526?
False
Is 23154675 a multiple of 31?
True
Is 158757698 a multiple of 373?
False
Is 8182969 a multiple of 489?
False
Does 21 divide 48183081?
False
Does 75 divide 2158563?
False
Does 632 divide 113433115?
False
Does 292 divide 7074868?
True
Is 1623 a factor of 51836967?
False
Is 364714737 a multiple of 303?
True
Is 5540808960 a multiple of 716?
True
Is 18 a factor of 192389490?
True
Does 2331 divide 2208980400?
False
Is 10 a factor of 11122061?
False
Does 359 divide 12735977?
False
Is 13 a factor of 99618945?
False
Is 1244374068 a multiple of 266?
True
Is 681706608 a multiple of 24?
True
Does 18 divide 341582706?
True
Does 3844 divide 657658428?
True
Is 241967958 a multiple of 6?
True
Is 117720243 a multiple of 65?
False
Is 405552966 a multiple of 1077?
True
Is 755 a factor of 36265515?
False
Does 21 divide 22609472?
False
Is 760561199 a multiple of 77?
False
Is 559422323 a multiple of 1541?
False
Is 586 a factor of 25055602?
True
Does 18 divide 3488418?
True
Is 3961 a factor of 771004689?
True
Is 572244804 a multiple of 36?
True
Is 5163 a factor of 130489662?
True
Is 642263055 a multiple of 12?
False
Does 22 divide 10455324616?
True
Is 2557 a factor of 1636216629?
True
Does 274 divide 41050680?
True
Is 3470793 a multiple of 2?
False
Does 55 divide 78335318?
False
Is 22574972 a multiple of 28?
True
Does 104 divide 2460120?
True
Is 4935287 a multiple of 1076?
False
Does 22 divide 40171777?
False
Is 1230 a factor of 554853000?
True
Is 2214826 even?
True
Is 76022134 a multiple of 37?
False
Is 2215399560 a multiple of 15?
True
Is 67 a factor of 25740812?
False
Is 503 a factor of 80342742?
False
Is 52494720 a multiple of 95?
True
Is 151 a factor of 13057423?
True
Does 1960 divide 1022421857?
False
Does 98 divide 193852319?
False
Is 2185812 a multiple of 444?
True
Is 42360160 a multiple of 172?
True
Does 27 divide 1838793825?
True
Does 46 divide 69597816?
True
Is 269703 a multiple of 189?
True
Is 10882730 a multiple of 113?
False
Is 30 a factor of 125503320?
True
Is 44195178 a multiple of 114?
True
Does 626 divide 62168686?
True
Does 110 divide 7994140?
True
Is 3488242688 a multiple of 1024?
True
Is 125 a factor of 55339750?
True
Is 116792746 a multiple of 1314?
False
Is 12815982 a multiple of 19?
False
Is 4044020 a multiple of 3?
False
Is 1579448169 a multiple of 247?
True
Is 116285508 a multiple of 306?
True
Is 217601971 a multiple of 2381?
True
Is 362 a factor of 50048771?
False
Is 701593102 a multiple of 411?
False
Is 180 a factor of 2416657437?
False
Is 1178 a factor of 129377384?
True
Is 32 a factor of 20387648?
True
Is 189 a factor of 33628392?
True
Is 618 a factor of 16156992?
True
Does 12 divide 108984682?
False
Is 18511002 a multiple of 2566?
False
Is 18418092 a multiple of 186?
True
Is 8 a factor of 1176?
True
Does 8 divide 166646257?
False
Is 2789510 a multiple of 15?
False
Is 433 a factor of 1427509204?
True
Is 1763 a factor of 640071056?
False
Does 19 divide 161756917?
False
Is 198 a factor of 22085910?
True
Does 2450 divide 1105162418?
False
Does 3452 divide 413953664?
False
Does 14 divide 378487651?
False
Does 2163 divide 244802000?
False
Is 13535280 a multiple of 528?
True
Is 984633768 a multiple of 72?
True
Is 15 a factor of 254642775?
True
Is 1780 a factor of 136334871?
False
Is 4334 a factor of 1328574698?
True
Is 25 a factor of 876998925?
True
Does 132 divide 269149848?
True
Does 559 divide 44102305?
True
Is 117455444 a multiple of 13?
False
Is 35631935 a multiple of 2983?
True
Is 9694575 a multiple of 33?
True
Does 73 divide 1172805786?
False
Is 25199025 a multiple of 22?
False
Is 45220661 a multiple of 107?
True
Does 8 divide 100391552?
True
Is 477164576 a multiple of 241?
True
Is 990 a factor of 284436900?
True
Is 3566 a factor of 332942488?
False
Is 143326827 a multiple of 81?
True
Is 139 a factor of 565735264?
False
Is 1528606 a multiple of 2021?
False
Is 75 a factor of 520690791?
False
Is 10 a factor of 210240200?
True
Does 187 divide 661888550?
False
Is 1648 a factor of 479944518?
False
Is 58 a factor of 1556944400?
False
Does 7 divide 185537618?
True
Does 236 divide 87378764?
True
Does 8 divide 9811003?
False
Does 4 divide 22210759?
False
Does 15 divide 69385425?
True
Does 20 divide 278230985?
False
Is 25 a factor of 414136495?
False
Does 119 divide 71001945?
True
Is 347184750 a multiple of 55?
True
Does 20 divide 4134482780?
True
Does 8 divide 866013872?
True
Does 243 divide 41917001?
False
Is 6391021 a multiple of 7?
True
Does 272 divide 68512992?
True
Is 474 a factor of 13396188?
True
Is 13590144 a multiple of 4?
True
Is 260609681 a multiple of 361?
False
Does 571 divide 2173832?
False
Is 25 a factor of 17304956?
False
Does 2476 divide 2031777583?
False
Is 41 a factor of 381844846?
False
Is 6269 a factor of 1040835801?
True
Is 116 a factor of 104178670?
False
Is 3341 a factor of 157613068?
False
Does 6 divide 12567078?
True
Is 399670533 a multiple of 26?
False
Does 7 divide 41427729?
True
Does 1003 divide 55675527?
True
Does 632 divide 21911863?
False
Does 24 divide 261311389?
False
Is 346141 a multiple of 2?
False
Is 94432411 a multiple of 412?
False
Does 40 divide 3642287?
False
Does 7296 divide 39391104?
True
Is 176 a factor of 87469744?
False
Is 22 a factor of 194498064?
False
Does 5 divide 94291069?
False
Is 125 a factor of 1658037618?
False
Does 2758 divide 170343083?
False
Is 11289921 a multiple of 107?
False
Is 1956 a factor of 789733044?
True
Does 903 divide 181683828?
False
Does 6 divide 1822140548?
False
Is 271 a factor of 43062355?
False
Is 271 a factor of 1016396611?
True
Does 99 divide 6275529?
False
Does 29 divide 450272589?
True
Does 970 divide 1333467?
False
Does 1447 divide 67334698?
True
Does 16 divide 586877340?
False
Is 41 a factor of 2190499607?
False
Is 8 a factor of 82502200?
True
Does 26 divide 230612564?
True
Is 1055 a factor of 2055485955?
False
Does 17 divide 6322147?
True
Is 97 a factor of 329180558?
True
Does 7 divide 25747631?
True
Is 34856640 a multiple of 234?
True
Is 50 a factor of 2823781?
False
Does 494 divide 1667763266?
True
Is 4543697160 a multiple of 270?
True
Is 302 a factor of 26048447?
False
Does 50 divide 221409900?
True
Is 411 a factor of 901040232?
True
Does 2005 divide 33114580?
True
Is 6 a factor of 1039877?
False
Is 540913410 a multiple of 15?
True
Does 45 divide 1767151525?
False
Does 17 divide 9723449?
False
Does 1352 divide 131906528?
True
Is 4225851 a multiple of 189?
True
Does 5979 divide 377312037?
False
Is 683657183 a multiple of 1919?
True
Is 1852 a factor of 209018572?
True
Is 134044335 a multiple of 316?
False
Is 366 a factor of 135661285?
False
Is 27 a factor of 1028272185?
True
Is 890 a factor of 5206500?
True
Is 2238 a factor of 1767997620?
True
Does 80 divide 10182560?
True
Is 13 a factor of 1048577352?
False
Does 13 divide 62751356?
False
Does 621 divide 1459350?
True
Does 1309 divide 81104002?
False
Is 79 a factor of 127667555?
True
Is 829678455 a multiple of 255?
True
Is 23426891 a multiple of 176?
False
Is 656261949 a multiple of 973?
False
Is 70199695 a multiple of 14?
False
Does 6 divide 4526375?
False
Is 3226 a factor of 166042220?
True
Is 1961855 even?
False
Is 563822020 a multiple of 430?
True
Does 759 divide 111313422?
True
Is 122 a factor of 2792788498?
True
Is 8 a factor of 2158817?
False
Is 34973375 a multiple of 19?
False
Does 32 divide 342102912?
True
Is 57 a factor of 13269030?
True
Is 137229963 a multiple of 2899?
True
Is 88323420 a multiple of 25?
False
Does 71 divide 798234386?
False
Is 493821712 a multiple of 14?
False
Does 899 divide 87497872?
True
Is 1132205968 a multiple of 7846?
False
Is 122892240 a multiple of 342?
False
Does 69 divide 331989360?
True
Is 362865825 a multiple of 105?
True
Does 35 divide 161290777?
False
Is 1736 a factor of 8567439?
False
Does 97 divide 1098831326?
True
Is 84295998 a multiple of 54?
True
Is 43703298 a 